(-10))/(12/60) composite?
False
Suppose 575711 + 743564 = 36*j - 295937. Is j composite?
False
Let i(q) = 6*q**2 - 26*q + 13. Let h be i(17). Suppose 4*c + 5*u - 15686 = 0, -c = 4*u + h - 5221. Suppose 0 = -5*v + c + 421. Is v composite?
True
Let u(x) = x**2 - 22*x + 55. Let v be u(3). Is (21051 - v) + (-18)/(-9) a composite number?
True
Let q(p) = -4*p - 34. Let w be q(-9). Suppose 0 = 2*r - 3*u - 18, 0*r + w*r - 14 = 2*u. Suppose g = s + 137, 6*g = r*g + 4*s + 414. Is g prime?
False
Let r = 5977 + -9835. Suppose -114*z + 139*z = -61475. Let w = z - r. Is w a prime number?
True
Suppose 2*q + 1 = 103. Let w = q - 51. Suppose w = -3*y + 3*l + 8172, 5*y + 5*l = -0*l + 13610. Is y a prime number?
False
Suppose -8398963 = -3412*q + 3359*q. Is q composite?
True
Suppose -1151 = -r - l + 2503, 0 = 3*r - l - 10982. Is r a composite number?
False
Let v(g) = g**2 + 2*g - 20. Let u be v(-6). Suppose 4*k - 7 = 5*q - 27, 0 = 3*q + 3*k + 15. Suppose 3*i + q*i = u*d + 1167, 3*d = 5*i - 1956. Is i composite?
True
Let j(t) = 25*t**2 - 9*t + 67. Let f be j(10). Let l = f + -424. Is l a composite number?
False
Let q = -703909 + 1196118. Is q composite?
True
Is (6 - -7) + -12 + 17*710 a composite number?
False
Let v = -1140047 + 2440350. Is v a composite number?
True
Let y = -32870 - -349525. Is y prime?
False
Suppose -178*q = -18684643 - 11606151. Is q prime?
False
Let n be 4/6*(18 - 264/16). Let l(x) = -3*x + 4*x**2 + 116*x**3 + 0*x**2 - 3*x**2 + 1. Is l(n) composite?
True
Let j = -383642 - -609807. Is j a composite number?
True
Suppose -258*c + 45*c = -81251193. Is c a prime number?
True
Suppose 19571 + 9915 = 4*h - 8862. Is h a composite number?
False
Suppose 1953 = 8*c - 7*c. Let m be -2 + 3 - c/(-9). Suppose 5*n + 43 = q, 2*n = -4*q - n + m. Is q a prime number?
True
Suppose 47*n - 395644 = 22*n + 700431. Is n a prime number?
False
Suppose 3*l - 6*l - 1179 = 0. Let b = 64 - l. Is b a composite number?
False
Let q be (-2634)/(-114) - (-22)/(-209). Is -5 - q/(-5) - 312696/(-40) prime?
True
Let y = -73 + 79. Suppose -i + 8 + y = -2*b, 0 = 4*b + 12. Suppose -i*v + 6*v + 388 = 0. Is v composite?
True
Let c(m) be the first derivative of -66*m**2 - 23*m + 57. Is c(-6) prime?
True
Let u(w) = -4*w + 10. Suppose -18 = -5*b + 2. Let k be u(b). Is (8710/k + -1)/((-10)/15) a composite number?
False
Suppose 67455718 = 56*r + 3873150. Is r a prime number?
True
Let f(p) = 2*p**2 + 3*p + 1. Let a be f(-2). Let k(c) = -3*c - 94. Let r be k(-32). Suppose -r*g + 2*x = -1578, 2*x + x = -a*g + 2355. Is g composite?
False
Suppose 0 = -23*h + 6*h - 476. Let p(i) = -180*i - 179. Is p(h) a composite number?
False
Suppose -4*o + 725878 = -c, 4*o + c - 907361 = -o. Is o a composite number?
True
Let v(j) be the second derivative of -297*j**5/20 - 5*j**4/24 - 20*j**3/3 + 26*j. Let h(d) be the second derivative of v(d). Is h(-2) a prime number?
True
Let p be (2 + -2)/2*2/(-4). Suppose 5*l + 53 - 28 = p. Is (-2257)/l + (-8)/20 a prime number?
False
Suppose 5*z - 26 = -3*g, 3*g - 5*z = -z + 17. Let x be 4/(-2) - (g - 9). Suppose x = -15*b + 10*b + 15085. Is b prime?
False
Suppose 542*x - 2*v = 540*x + 916242, 0 = 4*v + 8. Is x prime?
True
Let w(v) = 108*v**3 + v**2 + 3*v - 1. Let n be w(2). Let d(g) = -3*g**3 - 4*g**2 + 5*g - 13. Let j be d(-6). Suppose -2*u = -j - n. Is u a prime number?
False
Let i be ((-10)/(-15))/(((-6)/(-4239))/2). Suppose f + 4*j + 0*j - 304 = 0, 3*f + 2*j = i. Suppose 2*w - 6*w + f = 0. Is w composite?
False
Is 10/(-12) + (-58)/(-84) + 2204679/7 composite?
True
Let q be (4/14)/(2/14). Suppose -q*k = -h - h + 12, 3*h = -3*k. Suppose -2*t - h*v = -103, 0 = -3*t + 2*v + 29 + 106. Is t composite?
False
Let n = 4591 + -4595. Let x(q) = -4*q + 36. Let d(z) = 4*z - 35. Let m(u) = -3*d(u) - 2*x(u). Is m(n) composite?
True
Let n(t) be the third derivative of -t**4/12 - 2*t**3 - 10*t**2. Let p be n(-6). Suppose -7*c = -p*c - 2317. Is c composite?
False
Suppose 3*y - 4*l = 5*y + 46752, 4*y + 93532 = -l. Let h be (-4)/(2 - 6) - y. Is h/(-10)*6/(-9) a composite number?
False
Suppose 34*w = 41*w - 21. Suppose -w*m - 4*v + 16329 = 0, -5*m + 16*v + 27241 = 14*v. Is m a composite number?
True
Let n = -26271 + 46467. Let b = 29287 - n. Is b prime?
True
Suppose 32 - 117 = 17*o. Is 5 + 27/(1/(o + 69)) a prime number?
True
Suppose -5*m = 2*o - 37341 - 77383, -3*o + 4*m = -172109. Is o composite?
False
Let j(z) = 31*z**3 + 2*z**2 - 3*z + 2. Let f be j(3). Let b = 1169 + -908. Let g = f - b. Is g a prime number?
True
Suppose 2*c + 10 = 0, -f = -2*c - 18640 - 11683. Is f a prime number?
True
Let l be ((-6)/3 - -1)*-5. Suppose -8*r = -l*r - 6. Suppose 0 = 2*g - 2*t - 1476, -758 = r*g - 3*g - 3*t. Is g prime?
True
Suppose -5*f = 0, 5*f - 520 = -5*l + 10*f. Let a = 287 + l. Is a composite?
True
Let n = 32 - 28. Suppose 0 = -n*d + 3*b + 5 + 13, d + 1 = -2*b. Is ((-15212)/8)/(((-6)/4)/d) prime?
True
Let a be (2 - 61)/(5 + -6). Suppose 0 = -f + 5 - a. Is -1 + (-66)/f + (-331)/(-9) a prime number?
True
Let w = 2059 + -873. Suppose -4*x + 442 = -2*d - w, 2*x - 814 = -d. Is x a composite number?
True
Let k = -136 - -141. Suppose 3*b - 1950 = -5*z, 5*z - k*b = 3*z + 811. Is z composite?
True
Is (1282*(-3)/(-18))/(-2*24/(-33552)) a prime number?
False
Is ((-64679)/(-3))/(-19*9/(-513)) a composite number?
False
Let c = -2 - -5. Let o be 575/c + (-6)/9. Suppose 0 = -b - 0*b + o. Is b a prime number?
True
Suppose 2*l = -5*f - 4 - 10, -f - 10 = -2*l. Suppose -5713 = -l*s - 1576. Is s composite?
True
Let d be (-24)/(-9)*(54275/20 - 1). Suppose 4*q = -2*h + 4*h + d, -5*q + 2*h + 9045 = 0. Is q composite?
False
Is (330 - 331)*(0 - 0 - 50019) a composite number?
True
Suppose -11*q - 63573 = -2230144. Is q a composite number?
False
Let u = -15 + 18. Suppose -2*g + u*i = 837, i = -7*g + 3*g - 1709. Is (g/18)/((-1)/9) a composite number?
True
Let q(d) = 10*d**2 - 7*d - 16. Let j be q(6). Let b = j - -17. Let u = 677 - b. Is u prime?
False
Let a(m) = -6 - 2 - 10*m - 5 + 182*m**2. Is a(15) a composite number?
False
Let x(d) = 6581*d**2 - 181*d - 1009. Is x(-6) a prime number?
True
Suppose -104*x - 60676 = -108*x. Suppose g + u = -4*u + 3020, 0 = 5*g + 2*u - x. Is g prime?
False
Let h(v) = 548*v**3 + 5*v**2 - 56*v + 170. Is h(3) a composite number?
False
Let i(g) = 11*g**2 - 83*g + 4931. Is i(-140) a prime number?
False
Let m = 103184 + 2423. Is m a composite number?
False
Suppose -16*i + 14*i - 24*i + 6218602 = 0. Is i a prime number?
False
Let r be (3 - 7 - -4) + 3 + 2232. Let b = r - 1148. Is b a prime number?
True
Suppose -11*p + 8*p + 380089 = -5*g, -2*p - 4*g = -253334. Is p a prime number?
True
Let j = -101 - -69. Let w = -23 - j. Is (-2)/(-3) + 0 + 2937/w a composite number?
True
Let q(w) = 7*w**2 + 11*w + 13. Let l(v) = -11*v**2 - 16*v - 20. Let p(f) = 5*l(f) + 8*q(f). Let g be p(-8). Suppose -g*r = -9*r + 2755. Is r a composite number?
True
Suppose -9*v = 3*v - 96. Suppose -v*f = 5*f - 13. Is (0 - 1/f)*(1 + -1242) a composite number?
True
Let b(p) be the second derivative of -71*p**3/3 + 11*p**2 - 18*p. Let z be b(-6). Suppose 3*q + 5*g = z, -5*q = -2*g - 0*g - 1467. Is q composite?
False
Let y(a) = 435 + 147*a**2 - a - 226 - 218. Is y(-5) a prime number?
True
Let m be 2/(-4 + -5 + 235/25). Suppose 0 = 3*d - 5*w - 10403, -11679 = -5*d - m*w + 5646. Is d prime?
False
Let l(i) = -1009*i + 305. Let z be l(-12). Let j = -8212 + z. Is j a composite number?
False
Let a(c) = c**3 + 9*c**2 + 2*c - 19. Let q be a(-9). Is 134*(q/2)/(16/(-16)) a composite number?
True
Suppose 3*o + 3*n = 39, 0*o + 3*o - 3*n = 63. Suppose -9*j + o*j = 8072. Is j prime?
True
Suppose -2*u + 4*d = 2*u + 572, -2*d + 706 = -5*u. Suppose -2*h = -0*h - 534. Let y = h + u. Is y prime?
True
Let u = -1287634 + 4164147. Is u prime?
True
Let t = 579 + -581. Is (-6982)/t + 48/8 composite?
True
Let g(m) = -1603*m - 7. Let o be g(11). Let s = -12179 - o. Is s prime?
False
Let w be 14/(-35) - ((-144)/10)/(-4). Let l(d) = -5*d**3 - 2*d**2 + 10*d + 11. Is l(w) a composite number?
True
Suppose -28508 + 1748 = 4*l. Let z = 12191 + l. Is z composite?
False
Let c be 9498/21 + 2/(-7). Suppose 3*h = -c - 679. Let w = 704 - h. Is w composite?
True
Suppose 0*o + 1 = o, -5*i + 15 = -5*o. Let r be 2945/2*(i - 6). Let t = r + 4924. Is t composite?
False
Su